8 and s.
36
Let z(b) = 2*b**2 - b + 10. Let k be z(2). Calculate the greatest common factor of 80 and k.
16
Let r(j) = j**2 - 1. Let z(g) = -g**3 + 16*g**2 + 3*g - 20. Let k(y) = -6*r(y) + z(y). Let h be k(10). Calculate the highest common factor of 16 and h.
16
Suppose y + 4*c = -18, -c + 5*c = 3*y - 26. Suppose 6*p - p - 56 = 2*g, 26 = y*p + g. What is the highest common divisor of p and 36?
12
Let n(u) = -8 - 2*u + 5*u + 2*u. Let z be n(4). Suppose -3*f + 30 = z. Calculate the greatest common factor of 18 and f.
6
Let p(l) = 2*l + 2. Let k be p(-4). Let h = k - -8. Suppose 113 = 3*a + h*q - 3*q, -3*a - 2*q = -98. Calculate the highest common divisor of a and 4.
4
Suppose 42 + 18 = 5*l. Suppose x - l = -0. What is the greatest common factor of x and 3?
3
Let s(u) = 2*u**2 + 14*u + 3. Let l be s(-7). Calculate the highest common divisor of 237 and l.
3
Suppose 28*l = 38*l - 200. Calculate the highest common divisor of 260 and l.
20
Suppose -2*q = -43 + 13. Let g(r) = r**2 + 4*r - 4. Let w be g(1). Let t = 11 - w. What is the highest common divisor of q and t?
5
Let t = -23 - -27. Suppose 0*p + 4*p = 4, t*k - 4*p - 12 = 0. What is the greatest common factor of 16 and k?
4
Suppose 5*u - 9 = 6. Let d be -4 + 0 + 525/u. What is the greatest common factor of 19 and d?
19
Let z = 24 - 22. Suppose 17 = z*g + 1. Suppose -6*i = -5*i - g. Calculate the greatest common factor of 56 and i.
8
Let f = 9 + -8. Calculate the highest common divisor of f and 23.
1
Suppose 48 + 51 = -3*y. Let t = 78 + y. Suppose 64 = 2*p + 5*r, t + 5 = 3*p - 4*r. What is the greatest common factor of 11 and p?
11
Suppose 288 = -101*s + 103*s. Calculate the greatest common factor of 336 and s.
48
Suppose -3*f + 302 = j - 3*j, 3*f - 287 = 5*j. Let g(l) = 12*l**3 + l**2 + 2*l - 2. Let s be g(1). What is the greatest common divisor of f and s?
13
Let o(d) = -d**3 + 28*d**2 + 64*d + 42. Let k be o(30). What is the highest common factor of 54 and k?
54
Let c = 296 + -175. What is the highest common factor of 33 and c?
11
Let p(f) = 7*f - 7. Let q be p(6). Let m = 452 - 447. What is the greatest common divisor of q and m?
5
Let s(h) = -4*h + 12. Let o(n) = -2*n**2 + 0 - 1 - 1 + n**2. Let m be o(-3). Let u be s(m). Calculate the greatest common divisor of 14 and u.
14
Suppose -111 = -3*m - 5*g, -5*g = m - 2*g - 41. Let b be (-4 - 0) + 4212/13. Calculate the greatest common factor of m and b.
32
Suppose -4*s + 997 = -59. Calculate the highest common divisor of s and 99.
33
Let w(o) = -7*o**3 - 2*o**2 - 2*o + 1. Let d be w(-1). Let f be 6/d + (-385)/(-20). What is the highest common factor of 8 and f?
4
Let g be 3/12 - (-470)/40. Calculate the highest common factor of g and 372.
12
Let h(u) = u**3 - u**2 - 6*u - 4. Let j be h(4). Suppose -2*q - 2*w + 90 = 3*q, -j = -4*w. Calculate the greatest common factor of 8 and q.
8
Let h(m) = -m**2 + 17*m - 6. Let d be h(15). What is the highest common factor of 36 and d?
12
Suppose 3*u + 87 = 6. Let n be 6/36*-4*u. Calculate the greatest common factor of n and 4.
2
Suppose -n = -3*o + 61, 0 = -17*o + 12*o - 2*n + 120. Let w(p) = 3*p + 5*p + 2*p + 7 - p. Let m be w(9). Calculate the greatest common divisor of m and o.
22
Let c(z) = 163*z**2 - 2*z. Let r be c(-2). What is the greatest common divisor of 16 and r?
16
Let f(b) = 4*b**3 - b**2 + 3. Let t be f(2). Suppose -27*q + t*q - 88 = 0. What is the highest common divisor of 55 and q?
11
Let r(k) = 6*k**2 + k + 2. Let n(l) = -13*l**2 - 3*l - 5. Let o(q) = 6*n(q) + 15*r(q). Let p be o(-2). Calculate the highest common divisor of 6 and p.
6
Suppose -3*m + 166 = 31. Let r = 832 + -823. Calculate the highest common divisor of m and r.
9
Let u = 355 + -277. What is the highest common divisor of 390 and u?
78
Let d(k) = 3*k. Let z be d(8). Suppose -h - 8 - 3 = 0. Let c(u) = u + 15. Let m be c(h). What is the highest common factor of z and m?
4
Let b be ((-194)/(-1))/(2 + (0 - 0)). Suppose b - 69 = 2*s. Calculate the highest common divisor of s and 70.
14
Suppose -4*o = -3*o - f - 41, 0 = -2*f - 10. Let j = o - -63. What is the greatest common factor of 9 and j?
9
Let h = -326 + 356. Calculate the highest common divisor of 6 and h.
6
Suppose -28 = -4*x - 4*n, 5 = -x + 4*x - n. Suppose -4*o = -14 + 2. What is the highest common factor of o and x?
3
Let a be 4/20 - 132/(-15). Let h(n) = -n**3 - 5*n**2 - 6*n - 6. Let b be h(-4). Suppose -b*g + 100 = 10. Calculate the highest common divisor of g and a.
9
Suppose -1 = -f, 0*f + 13 = 3*w + f. Suppose m + 22 = i, -w*i = 4*m + 35 - 99. Let t = -526 + 564. Calculate the highest common factor of i and t.
19
Let o(s) = 353*s**3 - 2*s**2 + 2*s - 1. Let d be o(1). Let i = 29 - -3. What is the greatest common factor of d and i?
32
Let k be -2 - (3 - (4 + 38)). Let b = 48 - k. Calculate the greatest common factor of 44 and b.
11
Let w be (-32 - (-4)/(-4))/(45/(-960)). What is the highest common factor of w and 44?
44
Let d be ((-6)/8)/((-1)/(3 + 33)). What is the greatest common factor of 54 and d?
27
Let v = 850 + -676. Calculate the highest common divisor of v and 232.
58
Let o(p) = 9 + 7 - 13 - 4*p + 5*p. Let j be o(7). What is the highest common factor of j and 5?
5
Let k be (-4)/8*(-5 - 1 - -4). What is the greatest common divisor of k and 1?
1
Suppose 0 = 2*y + 4*l + 906, -y - 4*y - 3*l - 2237 = 0. Let h be y/(-10) + 1/(-2). Calculate the highest common factor of 4 and h.
4
Let n be (-8)/(-2)*-18*(-10)/240. Calculate the highest common divisor of n and 48.
3
Suppose -87*s + 42721 = -146504. Calculate the highest common divisor of 87 and s.
87
Suppose -7*x + 5*x = -w + 32, -w + 3*x = -31. Calculate the highest common divisor of 391 and w.
17
Suppose 2*x - q = 25, 4*q = 2*q - 6. Suppose -x*t = -14*t + 216. Calculate the highest common divisor of 24 and t.
24
Let i(o) = o**2 + 39*o + 39*o - 3 - 83*o. Let t be i(-3). Calculate the greatest common divisor of 189 and t.
21
Let z(u) = -15*u - 4. Let b = -24 + 26. Let q be z(b). Let t = 96 - q. What is the greatest common divisor of t and 52?
26
Let y = -125 - -197. What is the highest common divisor of 252 and y?
36
Suppose s - 2*l = 39, -5*s = -0*l - l - 240. Let i = 261 + -254. What is the highest common divisor of s and i?
7
Suppose -50*w + 48*w + 68 = 0. Calculate the greatest common divisor of 136 and w.
34
Let h = 37 + -25. Suppose -f = -3*t + t + 243, 0 = t - 5*f - 135. Calculate the greatest common divisor of t and h.
12
Let d(t) = -t**3 + 3*t**2 + 7*t - 6. Let r be d(4). Let b be 9/(-54) + 181/r. What is the highest common divisor of 3 and b?
3
Let z = 168 + -142. Calculate the greatest common divisor of z and 104.
26
Let p(r) = r**2 - 108*r - 9. Let x be p(-13). Calculate the greatest common factor of x and 23.
23
Let k = -7 + -12. Let n = k + 37. Calculate the greatest common factor of n and 2.
2
Suppose 4*w - 43 = -3*x + 89, -4*x - 16 = 0. What is the greatest common factor of 9 and w?
9
Let l = -37 - -57. Let m(q) = 6*q**2 - 8*q - 2. Let j be m(-9). Let h = -396 + j. What is the greatest common divisor of l and h?
20
Let x = 56 + 129. Suppose -3*l + x + 607 = 0. Calculate the highest common divisor of 33 and l.
33
Let t be (5 - 1)/(113/4068). What is the highest common divisor of t and 162?
18
Let b(n) = -n + 12. Let x be b(7). Suppose -6*h + x*i + 24 = -4*h, h = -3*i - 10. Suppose 6*m - 24 = h*m. What is the greatest common factor of 66 and m?
6
Suppose -15 + 3 = -4*s. Suppose -5*y + j - 77 = 0, y + 3*y = -s*j - 54. Let n be 100/(-15)*18/y. What is the greatest common divisor of n and 16?
8
Suppose -5*a + 29 = -3*f - 57, -26 = -a + 5*f. Let w(j) = -j + 26. Let z be w(a). Calculate the highest common divisor of 2 and z.
2
Let l(n) = n**3 + 20*n**2 - 136*n - 2387. Let j be l(-21). Let t(z) = z**3 + 5*z**2 + 3*z + 2. Let q be t(-2). Calculate the highest common factor of q and j.
4
Suppose 0*v - 84 = v. Let i be v*(-3)/(18/20). Calculate the greatest common divisor of i and 35.
35
Suppose 2*t + 659 = 10*z - 5*z, 0 = -2*z - 4*t + 278. What is the highest common divisor of 7 and z?
7
Suppose -188*t + 81 = -185*t. Calculate the greatest common divisor of t and 1917.
27
Let c(u) = -6*u + 24. Let v = 26 + -37. Let w be c(v). Calculate the highest common divisor of w and 36.
18
Suppose 514 = 2*k + 3*y - 11, 130